3*g + 36 = -3*j - 0*g, -j - p = -5*g. Let z = 15 + j. What are the prime factors of z?
2, 3
Let m = 2 - 8. Let s(c) = -c. List the prime factors of s(m).
2, 3
Suppose 5*j - 3 - 7 = 0. Let i = -17 - -23. Let t = i + j. What are the prime factors of t?
2
Let a be (-1)/(1/(-5)*1). Let x(p) be the second derivative of 2*p**3/3 - 5*p**2/2 - 23*p. List the prime factors of x(a).
3, 5
Let g(w) = -w**2 + 6. Let j(u) = u**2 - u - 5. Let r(s) = -2*g(s) - 3*j(s). Let b be (-51)/(-15) + (-2)/5. List the prime factors of r(b).
3
What are the prime factors of ((-3)/(-2) - 1)*112?
2, 7
Suppose -5*i - 3 = -98. What are the prime factors of i?
19
Let j(a) = -3 + 9*a + 1 - 2. List the prime factors of j(3).
23
Let z = 6 + -8. Let x(c) = -c**2 - 2*c + 2. What are the prime factors of x(z)?
2
What are the prime factors of 1/2 + (-380)/(-8)?
2, 3
Let b be 10*(0 - 28/(-10)). Let v = b - 12. List the prime factors of v.
2
Let b be (-1)/(-3) - 184/(-24). Suppose 7 = -2*m - 5*f - 5, 0 = 5*m + 3*f - b. What are the prime factors of m?
2
Suppose 4*m - 2*g - 80 = 0, 5*m - 3*g + g - 99 = 0. List the prime factors of m.
19
Let u(s) = s**2 + s + 11. Let z be u(0). Let o = z - -5. List the prime factors of o.
2
Let j = 10 + 14. Suppose -4*d = -0*d - j. What are the prime factors of d?
2, 3
List the prime factors of 34/(-221) + 249/13.
19
List the prime factors of (-2536)/(-24) + (-4)/6.
3, 5, 7
Let x be -1 - 5*(-2 + 3). Let t(a) = -a**2 - 6*a + 8. List the prime factors of t(x).
2
Suppose -2*p - 3*h = -19, -2 = -3*p + 2*h + 7. Suppose 0 = -0*c + p*c - 10. List the prime factors of c.
2
Suppose 0*g + 2*c = -4*g + 1256, g = c + 320. List the prime factors of g.
2, 79
Let s(r) = 17*r**2 + r - 19. What are the prime factors of s(-4)?
3, 83
Let s = 6 - -227. What are the prime factors of s?
233
Let o(t) = -t**3 + 12*t**2 + 3*t - 3. What are the prime factors of o(12)?
3, 11
Let w = 10 - 7. Suppose -w*h - 8 = -d + 2*h, 2 = d + h. Suppose -d*o = -3*n - 33, -5*n - 33 = -6*o + 3*o. List the prime factors of o.
11
Suppose -2*v = -4*c, v = -2*v + 4*c. Let i be 0/(-1)*-1 - v. Let z(m) = -m + 6. List the prime factors of z(i).
2, 3
Let l(o) = o**2 - 2*o - 1. Let r be l(3). Let g = -4 - -6. Suppose -r*v - g*z = -6*v + 16, 29 = 5*v + 2*z. What are the prime factors of v?
5
Let b = 2 - -1. Suppose -3*g + 24 + b = 0. Suppose -r = -h - 3, -4*r + 3*h - 7 = -g*r. List the prime factors of r.
2
What are the prime factors of (0 - (-189 - 3)) + -3?
3, 7
Let g = -95 + 111. List the prime factors of g.
2
Let f be (1/(-3))/(3/(-18)). Suppose -3*l + 20 = f*l. What are the prime factors of l?
2
Suppose 4*v - 27 = 3*z, -4*v - 5*z - 31 = -6*v. Suppose -3*o + v*k = -42, o - 40 = -4*o - k. What are the prime factors of o?
3
Let b = -14 + 14. List the prime factors of b + -1 - (-18 + 2).
3, 5
Suppose -29 = 2*f - 71. What are the prime factors of f?
3, 7
Let m = -13 + 8. Let w(y) = y**2 + 5*y + 6. List the prime factors of w(m).
2, 3
Suppose -8*l + 3*l + 15 = 0. What are the prime factors of l?
3
What are the prime factors of (-1111)/(-55) - (2 - (-18)/(-10))?
2, 5
Suppose -11*w + 176 = -187. What are the prime factors of w?
3, 11
Let t = 7 + -5. Let u = 9 - t. Suppose -5*q = -5*z - u - 13, 4*z = q + 11. List the prime factors of q.
3
Suppose -k - 9 = -25. List the prime factors of k.
2
Let f = 37 - 8. List the prime factors of f.
29
What are the prime factors of (-6)/(-4)*25 - (-4)/8?
2, 19
List the prime factors of ((-8)/(-2))/4 + 45.
2, 23
Let n = 58 + -38. List the prime factors of n.
2, 5
Suppose 41 = 5*u + 3*t, 3*t = 2*u + 4*t - 17. Suppose 28 = z + u. Suppose 0 = 4*d - z - 22. What are the prime factors of d?
2, 5
Let r(t) = 2*t - 11. List the prime factors of r(13).
3, 5
Suppose 4*i - 9 = 3*i. What are the prime factors of i?
3
Suppose 3*n - 4*n + 14 = 0. List the prime factors of n.
2, 7
Suppose 0 = p - 4*q - 205, -5*q + 0*q - 425 = -2*p. What are the prime factors of p?
3, 5
Let w(q) = 3*q + 11. What are the prime factors of w(15)?
2, 7
List the prime factors of (-7184)/(-28) + (-3)/(-7).
257
Let v(i) be the third derivative of i**5/60 + i**4/8 - i**3/2 - 7*i**2. What are the prime factors of v(-9)?
3, 17
Suppose g - 3 - 5 = 0. Suppose 0 = 4*c - g. Suppose -c*r + 10 = -0*r. List the prime factors of r.
5
Let m be (1/2)/((-1)/(-20)). Suppose -2*k = 2*a - 7*k - 33, 2*k - m = -5*a. What are the prime factors of (-5)/(10/a) + 4?
2
Let h be 0/1 - (-3 - 4). Let t = -10 + h. List the prime factors of (136/(-12))/(2/t).
17
Suppose -h + 31 + 0 = 0. List the prime factors of h.
31
Suppose -c + 25 = 5*n - 0*c, 5*n - 10 = -4*c. Suppose -d = -n*d. Suppose d*y = 5*y - 45. List the prime factors of y.
3
Let n(m) = 2*m - 1. What are the prime factors of n(10)?
19
Let s(l) be the first derivative of -l**2 - 4*l - 1. What are the prime factors of s(-5)?
2, 3
Let p(h) = h**3 - 13*h**2 - 23*h + 31. List the prime factors of p(15).
2, 17
Suppose -10*p + 6*p - c = -250, -3*p = -3*c - 195. What are the prime factors of p?
3, 7
Suppose -w - h - 13 + 183 = 0, -5*h - 860 = -5*w. List the prime factors of w.
3, 19
Suppose k - 33 + 250 = 4*j, 4*k = -j + 67. What are the prime factors of j?
5, 11
Let u(v) = v**3 + 3*v - 4. Let b be u(-5). Let g = -100 - b. Suppose x + g = 5*x. List the prime factors of x.
11
What are the prime factors of -13 + 38 + (0 - 2)?
23
Suppose 5*t + 6*w - w = 15, -2*t + 4*w = 0. List the prime factors of t.
2
Suppose 0 = -7*f + 3*f + 80. Suppose 2*h + 0*h + f = 3*n, 2*n + 5*h - 45 = 0. Suppose 4*w - 5*w + n = 0. List the prime factors of w.
2, 5
Suppose 35 = -i + 107. List the prime factors of i.
2, 3
Let m(a) = -a**3 - a + 11. Let z(x) = -x + 3. Let g = -5 - -8. Let q be z(g). List the prime factors of m(q).
11
Suppose 0 = -4*d - 144 - 804. Let f = d - -360. Suppose -p + f - 45 = 5*o, 0 = -3*o - 5*p + 38. What are the prime factors of o?
2
What are the prime factors of (80/12)/(4/30)?
2, 5
Let t(s) = 2*s**2 + 3*s + 6. List the prime factors of t(-3).
3, 5
Let c(f) = f - 9 + 9. What are the prime factors of c(12)?
2, 3
Suppose 4*z + 5*g - 10 = 0, -7*g + 2*g = 3*z - 10. Suppose 3*w + 0*w - 12 = z. List the prime factors of w.
2
Let d(u) = -u**2 + 8*u + 5. Let c be d(8). Suppose -c*a = -a - 28. List the prime factors of a.
7
Suppose -2*k + 9 = 1. Suppose 3*r - 11 = 5*d - 199, -5*r = -k*d + 153. Suppose -t - a = -12, -a + d = 4*t - 2. What are the prime factors of t?
3
Suppose -15 = -5*j - 3*i + 19, 18 = 3*j + 3*i. Let l(h) = h**2 - 7*h + 1. Let k be l(j). What are the prime factors of ((-9)/2)/(k/(-24))?
2, 3
Let z = -23 + 27. Suppose -z*d = -311 + 91. List the prime factors of d.
5, 11
Suppose -2*s + 69 = -5*q, 3*s - q - 156 = -4*q. Suppose -s - 22 = -3*d. List the prime factors of d.
23
Suppose -13 = -3*m + 29. Let u = 44 - m. List the prime factors of u.
2, 3, 5
Let c(s) = s**2 + 11*s - 27. What are the prime factors of c(-19)?
5
Let p = -9 + 11. Suppose -2*h = 3*h + 4*r - 145, -p*r + 10 = 0. List the prime factors of h.
5
Let v(n) = 3*n**2 - 7. Let c(z) = 5*z**2 - 10. Let t(i) = 5*c(i) - 7*v(i). Suppose -10 = -o - 4*b + b, 5*b = 15. What are the prime factors of t(o)?
3
Let i = 59 + -38. Suppose -m = t - 3 - 2, 5*m - i = -3*t. List the prime factors of t.
2
Let q be 1*(2 + -3)*-1. Let h = q + 7. List the prime factors of h - (3/3 - 0).
7
List the prime factors of 3/6 - (-18)/4.
5
Suppose -v + 5 = 4*k, 0 = -k - 0*v + 2*v - 1. Suppose k - 34 = -3*p. List the prime factors of p.
11
Let u = -66 + 236. What are the prime factors of u?
2, 5, 17
Let y(m) = -m**3 - 5*m**2 - 2*m + 5. Let p be y(-4). Let i be ((-1)/p)/(2/24). Suppose 0 = -j + f + 20, -5*f = j - i + 14. List the prime factors of j.
3, 5
Let i(g) = -g**3 + 4*g**2 + g + 1. Suppose 0 = -5*c + 14 + 1. What are the prime factors of i(c)?
13
Let o(k) = k + 14. Let u = 3 - 3. What are the prime factors of o(u)?
2, 7
Let l = 11 + -4. Let x = l + 18. List the prime factors of x.
5
Suppose 1572 = 3*q + 270. List the prime factors of q.
2, 7, 31
Let a(f) = -f**2 - 18*f - 12. What are the prime factors of a(-7)?
5, 13
List the prime factors of ((-20)/15 - -6)*282/4.
7, 47
Suppose -4*x + 16 = -3*x - d, -109 = -4*x - 5*d. Suppose -5*q - 21 = 2*o - 4, 4 = 4*q. Let m = o + x. List the prime factors of m.
2, 5
Let x(o) = -4*o + o - 4*o. Let p be x(-2). Sup